0?
0
What is the hundreds digit of 3988304279?
2
What is the ten thousands digit of 22754258?
5
What is the millions digit of 399938755?
9
What is the units digit of 18441978?
8
What is the ten millions digit of 17427741?
1
What is the hundred thousands digit of 2222725983?
7
What is the hundred thousands digit of 4468251300?
2
What is the hundred thousands digit of 12221096?
2
What is the ten thousands digit of 6054267947?
6
What is the millions digit of 768076103?
8
What is the hundred thousands digit of 1181359719?
3
What is the hundreds digit of 177210784?
7
What is the thousands digit of 929367834?
7
What is the billions digit of 3970329757?
3
What is the hundreds digit of 293174466?
4
What is the tens digit of 1314588950?
5
What is the ten thousands digit of 489246247?
4
What is the hundreds digit of 265889630?
6
What is the hundreds digit of 3132385252?
2
What is the billions digit of 3247473892?
3
What is the ten thousands digit of 114480620?
8
What is the thousands digit of 140556860?
6
What is the units digit of 1964084630?
0
What is the hundred millions digit of 1277563504?
2
What is the hundred millions digit of 214353665?
2
What is the hundred millions digit of 547294571?
5
What is the hundred millions digit of 133807669?
1
What is the hundred thousands digit of 19833988?
8
What is the thousands digit of 111358496?
8
What is the ten thousands digit of 6884552490?
5
What is the hundred millions digit of 1915017295?
9
What is the units digit of 17261811?
1
What is the thousands digit of 3494513666?
3
What is the ten thousands digit of 37409862?
0
What is the ten millions digit of 104846730?
0
What is the ten millions digit of 2662775043?
6
What is the ten thousands digit of 83783562?
8
What is the millions digit of 4624153351?
4
What is the thousands digit of 144382?
4
What is the hundred thousands digit of 160843008?
8
What is the ten millions digit of 46346956?
4
What is the tens digit of 17717633?
3
What is the tens digit of 3797049850?
5
What is the hundred millions digit of 235503897?
2
What is the ten millions digit of 177396615?
7
What is the ten thousands digit of 479384764?
8
What is the thousands digit of 2018536814?
6
What is the units digit of 22703631?
1
What is the hundred thousands digit of 91694190?
6
What is the units digit of 350445343?
3
What is the millions digit of 46250784?
6
What is the ten thousands digit of 236902840?
0
What is the units digit of 20830178?
8
What is the hundred thousands digit of 28063111?
0
What is the millions digit of 270465738?
0
What is the hundred thousands digit of 170651341?
6
What is the units digit of 5840441605?
5
What is the hundreds digit of 3398543094?
0
What is the millions digit of 17661264?
7
What is the hundred thousands digit of 390035458?
0
What is the millions digit of 64981813?
4
What is the units digit of 2580100694?
4
What is the millions digit of 1957166614?
7
What is the thousands digit of 786209963?
9
What is the ten thousands digit of 73109575?
0
What is the thousands digit of 305990139?
0
What is the hundred thousands digit of 92598659?
5
What is the tens digit of 3433534504?
0
What is the hundreds digit of 616671256?
2
What is the ten thousands digit of 252854274?
5
What is the thousands digit of 136296289?
6
What is the ten millions digit of 2632526363?
3
What is the thousands digit of 9060997?
0
What is the millions digit of 434003911?
4
What is the tens digit of 13557934?
3
What is the units digit of 281314020?
0
What is the hundred thousands digit of 110045475?
0
What is the thousands digit of 161702061?
2
What is the ten thousands digit of 707990180?
9
What is the hundred thousands digit of 163024134?
0
What is the hundred thousands digit of 322064578?
0
What is the ten millions digit of 38666262?
3
What is the tens digit of 1149305544?
4
What is the ten thousands digit of 129501936?
0
What is the tens digit of 244252107?
0
What is the hundred thousands digit of 880757520?
7
What is the units digit of 42205340?
0
What is the hundred thousands digit of 423565224?
5
What is the ten thousands digit of 538316300?
1
What is the hundred thousands digit of 2624982246?
9
What is the hundred thousands digit of 496094138?
0
What is the hundred thousands digit of 76691410?
6
What is the ten millions digit of 7693348776?
9
What is the hundreds digit of 114972203?
2
What is the hundred millions digit of 285522148?
2
What is the millions digit of 4357558695?
7
What is the hundred thousands digit of 50484459?
4
What is the millions digit of 775217768?
5
What is the millions digit of 14104844?
4
What is the millions digit of 272558418?
2
What is the millions digit of 20944025?
0
What is the thousands digit of 35499026?
9
What is the hundreds digit of 1627771754?
7
What is the hundreds digit of 37663215?
2
What is the units digit of 2221826202?
2
What is the units digit of 59128072?
2
What is the hundreds digit of 131082868?
8
What is the hundred millions digit of 217910222?
2
What is the ten thousands digit of 473576114?
7
What is the thousands digit of 72095925?
5
What is the hundreds digit of 388202501?
5
What is the units digit of 29067608?
8
What is the millions digit of 244307491?
4
What is the hundreds digit of 731933177?
1
What is the tens digit of 78671456?
5
What is the hundreds digit of 1867836881?
8
What is the ten thousands digit of 20813476?
1
What is the thousands digit of 449047052?
7
What is the hundred thousands digit of 2058772221?
7
What is the billions digit of 1455223202?
1
What is the hundred thousands digit of 905404536?
4
What is the hundreds digit of 67738092?
0
What is the ten thousands digit of 1151349609?
4
What is the ten millions digit of 22576241?
2
What is the billions digit of 5678410908?
5
What is the hundred thousands digit of 9854791?
8
What is the units digit of 28081232?
2
What is the units digit of 180057843?
3
What is the millions digit of 45830088?
5
What is the hundreds digit of 754554146?
1
What is the ten millions digit of 122750866?
2
What is the ten millions digit of 759074530?
5
What is the hundred thousands digit of 1922294486?
2
What is the hundred millions digit of 108240983?
1
What is the billions digit of 2783366099?
2
What is the tens digit of 445105599?
9
What is the hundreds digit of 197587407?
4
What is the hundreds digit of 1298771651?
6
What is the hundred millions digit of 1993990068?
9
What is the ten thousands digit of 11997756?
9
What is the ten millions digit of 41817563?
4
What is the tens digit of 10940387?
8
What is the tens digit of 213339948?
4
What is the hundred thousands digit of 455225561?
2
What is the units digit of 215051317?
7
What is the tens digit of 1565748031?
3
What is the hundred thousands digit of 1610100807?
1
What is the tens digit of 17098463?
6
What is the hundred millions digit of 3599347186?
5
What is the millions digit of 49445576?
9
What is the tens digit of 4522868810?
1
What is the ten thousands digit of 414077207?
7
What is the ten thousands digit of 195945446?
4
What is the tens digit of 89774019?
1
What is the units digit of 409351891?
1
What is the ten thousands digit of 28581188?
8
What is the millions digit of 251126613?
1
What is the ten millions digit of 7621360701?
2
What is the hundreds digit of 39759473?
4
What is the millions digit of 260287243?
0
What is the millions digit of 73388740?
3
What is the thousands digit of 207923711?
3
What is the ten thousands digit of 1806317048?
1
What is the millions digit of 18694152?
8
What is the thousands digit of 3792836256?
6
What is the ten thousands digit of 3474697549?
9
What is the thousands digit of 396138265?
8
What is the hundreds digit of 474726139?
1
What is the tens digit of 123734999?
9
What is the ten thousands digit of 939564709?
6
What is the ten millions digit of 18216040?
1
What is the hundred thousands digit of 755993506?
9
What is the hundred thousands digit of 85630699?
6
What is the hundred millions digit of 597282726?
5
What is the tens digit of 20730898?
9
What is the units digit of 188059243?
3
What is the thousands digit of 1601824592?
4
What is the thousands digit of 79953879?
3
What is the ten millions digit of 102724549?
0
What is the thousands digit of 175957709?
7
What is the hundred millions digi